pose 0 = p + 2, -39 = -2*c + 3*p + u. Is c a prime number?
False
Is (918102/(-24))/(16/(-64)) composite?
True
Suppose 31*g - 1086133 = 135856. Is g composite?
False
Let j(d) = 2*d**3 - 2*d**2 + d. Let r be j(2). Suppose -5*t + 5*a + 20 = 0, -r + 29 = t + 2*a. Let p = t - -24. Is p a prime number?
False
Let y be 2/(-8) + (-6)/(-24). Suppose y = -7*k + 308 + 595. Is k composite?
True
Let k be 6*((-20466)/(-12))/(-9). Let l = -574 - k. Is l composite?
False
Let l(v) = -15*v - 2. Let w be l(2). Let k be 75/30*w/(-10). Suppose 4*p + 148 = k*p. Is p a prime number?
True
Suppose v + 3*v - 8 = 0. Let u(x) = -x**2 - 2*x**2 - x**3 + 2*x**2 + 5*x**v + 4*x + 3. Is u(-2) a composite number?
False
Suppose 11*m - 29 = 191. Suppose -5*x - m = 0, 5*x + 91 = 3*u - 934. Is u prime?
False
Suppose -4*f = 66*i - 61*i - 816, 0 = -3*f - 4*i + 613. Is f prime?
True
Let r be (3 + 7/(-2))*-508. Suppose r = -4*b + 6*b. Is b a prime number?
True
Let y(b) = 15*b**3 + 8*b**2 - 24*b + 18. Is y(5) prime?
True
Let b = -236 + 1278. Is b a composite number?
True
Suppose 43*f - q = 47*f - 70683, 3*f = 4*q + 53017. Is f composite?
True
Let m be (-6)/((-18)/975) + 2. Let p = m + -76. Let r = p + -168. Is r prime?
True
Let t(s) = -s**2 - 4*s - 2. Let c be t(-2). Suppose -4*u = d - 9706, -c = 3*d + 4. Suppose -4*v = -u + 391. Is v a prime number?
True
Suppose 4*u - 436 + 12 = 0. Let r = 2 + u. Suppose -r = l + k - 394, -2*l + 3*k = -577. Is l a composite number?
True
Let b = 9 - 6. Suppose -2*g + 2*n + 1732 = -n, b*n + 4321 = 5*g. Is g a composite number?
False
Is (-3514)/(2 - (-6 - -10)) a composite number?
True
Suppose 142*m - 2*n = 143*m - 8607, -25817 = -3*m - 2*n. Is m prime?
False
Let k be ((-9)/6 - -2)/((-3)/(-6)). Is (k + 0)/(2/8974) composite?
True
Suppose -l + 2*n + 0*n = 0, 0 = 4*n. Let h = -229 - -231. Suppose b + l*b - 4*w = 187, -h*w + 193 = b. Is b prime?
True
Suppose 3*j - 420 = 3*v, 3*j - v = -2*v + 420. Suppose 3*x - 135 = -2*u, 0 = 2*u + x + 3*x - j. Is 1368/u + 2/10 prime?
True
Let t = -549 + 3080. Is t prime?
True
Suppose 3*x - 5*i - 13238 = 0, -2*x + 5*x + 3*i = 13278. Is x a composite number?
False
Let o(z) = -z**3 + 19*z**2 - 17*z - 3. Let g be o(18). Suppose 2*u + u - g = 0, 4*a - 4187 = -3*u. Is a prime?
False
Let a be -5 + (2 - 2) + 2. Let q = 3 - a. Suppose s = q + 13. Is s prime?
True
Suppose -3*f = f - 32. Suppose -17185 = 3*x - f*x - 4*g, 0 = 5*x - 3*g - 17150. Is x a prime number?
True
Let g = -3495 - -2418. Is (2/1)/((-6)/g) a composite number?
False
Let i = -9 + 11. Suppose -l + i*l = 13. Is l a composite number?
False
Let r(s) = 7*s**2 + 4*s - 10. Suppose 2*o = -2, -4*n - 2*o + 23 = n. Is r(n) composite?
True
Suppose 6*g + 23410 = 70516. Is g a prime number?
False
Let v(d) be the third derivative of -d**5/60 - 3*d**4/8 + 7*d**3/6 + d**2. Let k be v(-10). Let b(w) = -3*w**3 - w**2 + 4*w - 1. Is b(k) composite?
False
Let x(a) = a**2 - 15*a + 52. Let i be x(6). Is (-8)/(96/(-513)) - i/8 prime?
True
Let x be (-84)/(-8)*(-24)/(-14). Let s be 830/9 + (-4)/x. Let k = 221 - s. Is k prime?
False
Let i = 911 - 210. Is i a prime number?
True
Let v be 36/(-17) + (-18)/(-153). Is ((-6)/v)/((-15)/(-1465)) a prime number?
True
Suppose -5*f + 48072 = -27778. Suppose -f = -5*m + 3*r, -4*m - r = -9435 - 2718. Is m a composite number?
False
Is (-3)/((-126)/251951) - 2/(-12) a composite number?
True
Let n be (36/27)/((-8)/(-84)). Is (-7)/(n/(-258)) + -2 - -4 prime?
True
Let r(k) = 127*k**2 - 25*k + 10. Let q be r(3). Let x(p) = 1545*p. Let a be x(1). Let v = a - q. Is v a composite number?
False
Let c(f) = 266*f - 24. Let z(o) = 53*o - 5. Let g(i) = -4*c(i) + 22*z(i). Is g(4) a composite number?
True
Let j = 11552 + -5815. Is j composite?
False
Let u = 7 + -7. Suppose l = 0, u = -3*s - l + 6*l + 18. Is s/2*(-363)/(-9) composite?
True
Let k = 7 - 4. Let t(l) = l**2 + 17*l**k - 2*l + 1 + l**2 - 3*l**2. Is t(3) prime?
False
Let s(l) = l**3 + 3*l**2 + 5. Let f be s(-3). Suppose v - z - 2*z - 17 = 0, -z = f*v - 5. Suppose -v*o + 12 = -302. Is o prime?
True
Let x(h) = -923*h**3 + 2*h + 2. Suppose -3*p - s = -2*s + 8, -5 = -5*p - 2*s. Is x(p) prime?
False
Suppose 7*c - 28017 - 13724 = 0. Is c composite?
True
Let k(y) = 12 - 7 - 7 + 120*y**2. Is k(-2) composite?
True
Suppose 0 = q + i + 3, 3 = 4*q - i + 10. Is (3/q)/(12/(-712)) composite?
False
Suppose 4*a + 3*w - 44 = 0, 0 = 4*a + 4*w - 40. Suppose 0 = -2*n + a - 0. Let u(s) = s**2 + s - 10. Is u(n) prime?
False
Let q(t) = 2*t - 25. Let o be q(15). Suppose -5*y + 3*s = -4*y - 88, 403 = 4*y + o*s. Is y prime?
True
Let x = 325 + 1218. Is x composite?
False
Suppose -3*k - 20 = -8*k. Suppose 6031 = 5*w - k*p + 2*p, 2*p = -2*w + 2404. Is w prime?
False
Suppose 16*c - 1246504 = -40*c. Is c composite?
False
Let u(y) = -580*y - 1. Let i be u(-1). Suppose 8*f - 373 = i. Is f prime?
False
Let d = 428 + -17. Let u = -88 + d. Suppose 4*s - 1457 - u = 0. Is s prime?
False
Let r = 46 - 54. Let h(l) = -54*l - 19. Is h(r) composite?
True
Suppose -2*h + 3*k = k - 346, 0 = 3*h + 4*k - 519. Suppose 2*m - 237 = h. Is m composite?
True
Is 4172 - (8/48 - (-31)/(-6)) a composite number?
False
Suppose 11181 + 10518 = 9*m. Is m a prime number?
True
Let y(d) = 3*d - 2 - 1 + 6*d**2 - 2*d**3 - 5 - 58*d**3. Is y(-3) composite?
False
Suppose -34977 = -10*i + 26993. Is i a prime number?
True
Let n = -778 + 5925. Is n a composite number?
False
Suppose -5*f = -4 - 11. Suppose -f*k = -8*k + 665. Is k composite?
True
Suppose 0 = r + r - 5878. Is r a composite number?
False
Let l(t) = -5 - 12*t + 11*t - 5*t**2 + 25*t**2. Is l(-2) a composite number?
True
Let g be 1/(-6) - 65/(-30). Suppose 0*w + g*j + 162 = 4*w, 5*w + 3*j = 219. Suppose l = -2*l + w. Is l composite?
True
Is (-6 - 0)/(-4*(-5)/(-6830)) prime?
False
Let z be -1 + (-3)/(6/(-40)). Suppose -12*p = -z*p + 2107. Is p composite?
True
Suppose 4*y = 15*y + 53207. Let p = 334 - y. Is p prime?
True
Let d = 897 - 406. Let t = -160 + d. Is t composite?
False
Suppose -4*s = 2*p - 59862, -17*p + s + 149666 = -12*p. Is p a prime number?
False
Suppose i = 3 + 2. Suppose -6044 = i*n - n. Let m = -888 - n. Is m a composite number?
True
Let s(a) = -128*a + 531. Is s(-44) a composite number?
False
Let c = 15054 - -4607. Is c a composite number?
False
Let b be (31 - 2) + 0 - (-34)/17. Suppose -6906 = -b*u + 25*u. Is u composite?
False
Is 8 - -586*(-54)/(-4) composite?
False
Let w(q) = -1316*q**3 - 2*q**2 - 4*q - 5. Is w(-3) a composite number?
False
Let m(y) = 2*y**2 + 0*y**3 - 6 + 6*y - y**2 - y**3. Let x be m(-6). Suppose -4*t + 5*l - x = -9*t, -4*l + 39 = t. Is t a composite number?
False
Suppose -5*q = b - 11138, -5*b = -4*q + 2003 + 6919. Suppose -6*m = -2*m - q. Is m a composite number?
False
Suppose -5*m + 0*m + 4*t = -33916, -m + 5*t = -6800. Suppose -457 - 879 = -h - 5*k, -m = -5*h - 5*k. Is h a composite number?
False
Let b(h) = -h**3 - 56*h**2 + 237*h + 187. Is b(-60) a prime number?
True
Suppose 0 = -f + 2*o - 3*o + 12850, 0 = f + 2*o - 12847. Is f composite?
False
Let c(t) = -28*t + 455. Is c(-33) a composite number?
True
Is (-2 + 2142/4)/(3/6) a prime number?
False
Suppose 2*p + 4*j = -0*p + 1732, 4*j = 5*p - 4386. Suppose -3*v + 4*h + p = 81, 4*v - 5*h - 1056 = 0. Is v a composite number?
True
Let s(h) = 20*h**2 - 13*h**2 - 6*h + 8*h**2 + 2*h**2 + 8. Is s(5) a composite number?
True
Let u = 3443 + 7698. Is u a prime number?
False
Let u = -9 - -11. Let k = -3 - u. Let y(f) = -f**3 - 2*f**2 + f - 5. Is y(k) composite?
True
Let o be (-2)/(-4) - 30/(-12). Suppose 0 = -o*b + 10*b - 1491. Is b a composite number?
True
Let i(t) = -6*t - 3. Let b be i(-1). Suppose -z + 41 = -0*z - 4*n, -44 = -z + b*n. Is z composite?
False
Suppose 2*m - 99609 = -6*b + m, 5*m = 15. Is b composite?
True
Is -1 + 7 + 2 + 5187 a composite number?
True
Let c(q) = 37*q**3 - 2*q**2 - q + 37. Is c(7) prime?
False
Suppose -3*a = -4*d - 50, -2*a + 2*d + 36 = -2*d. Suppose 0 = -0*y + y - 712. Is (-1)/(-7) + y/a a composite number?
True
Suppose 3*n = 7*n. Suppose v - 722 - 1639 = n. Is v composite?
True
Let x(y) = y**3 - 3*y**2 - y - 8. Let s be x(7). Suppose -3*l + s + 191 = 0. Is l - (-3 + 5 + 1) a composite number?
True
Let d = 30032 + -13927. Is d a composite number?
True
Let i be 4 + -8 - 19*7. Let b be i/(14/4 - 3). Let t = b + 6